ed by l?
9
Suppose 784 - 87 = 17*w. What is the remainder when w is divided by 4?
1
Let g(o) = 2*o**2 - o - 1. Let k = 109 - 95. Calculate the remainder when k is divided by g(2).
4
Let u = 15 + -12. Suppose -3*a = 3*c - 9, 4*c - 3*a = u*c - 1. Suppose -27 = -5*l - 2*d, 4*l + d = -2*d + 23. Calculate the remainder when l is divided by c.
1
Let k(y) = -y**3 + 9*y**2 + 15*y + 8. What is the remainder when k(10) is divided by 22?
14
Let s = 36 + -26. What is the remainder when 19 is divided by s?
9
Suppose -5*a - 26 = 3*h - 82, 0 = h - 4*a - 13. What is the remainder when 66 is divided by h?
15
Suppose 5*c - 85 = 20. Suppose o = 3*k + 3*o - 14, -3*k + 5*o + 28 = 0. What is the remainder when c is divided by k?
3
Suppose -4 = -3*y + 2. Suppose 0 = -4*a + 2*a + 2*l - 2, 2*l = y. Let m(z) = -z**3 + z + 19. Calculate the remainder when m(a) is divided by 10.
9
Calculate the remainder when 99 is divided by (-2)/(-1)*25/2.
24
Let d be 502/5 + 20/(-50). Suppose -u = 3*h - 5*u - 83, -u = 5*h - d. Calculate the remainder when h is divided by 8.
5
Suppose -3*g = 3*x - 540, g = -4*x + 2*g + 710. Suppose -5*l + 63 - x = 0. Let w = -5 - l. What is the remainder when 34 is divided by w?
16
Suppose 3*u + 4*a = -39, 0 = 3*u - 3*a - 1 + 19. Let m = u - -20. What is the remainder when 20 is divided by m?
9
Let a = 2 + 6. Suppose j - a = 1. Suppose -13 = 2*x - 47. What is the remainder when x is divided by j?
8
Suppose -107 = 8*y - 267. What is the remainder when y is divided by 4?
0
Suppose -h = -2*h + 2. Let f(p) = 8*p**3 - p + 0*p**2 + 0*p**2 - 1. Calculate the remainder when f(h) is divided by 21.
19
Suppose 2*w - 5*v - 28 = -w, 5*w - 2*v = 53. Calculate the remainder when w is divided by 3.
2
Suppose 79 + 89 = 7*g. What is the remainder when 70 is divided by g?
22
What is the remainder when 35 is divided by (-115)/(-6) - (-1)/(-6)?
16
Suppose 2*q = -92 + 264. Calculate the remainder when q is divided by 22.
20
Suppose -7*f = -5*f - 86. Calculate the remainder when f is divided by 16.
11
Suppose -2*h + f + 3*f + 42 = 0, -3*h + 2*f + 75 = 0. What is the remainder when h is divided by 11?
5
Let k be (-8)/12 - (-35)/3. What is the remainder when 42 is divided by k/(0 + (-1)/(-2))?
20
Suppose -w = 2*w - 9. Calculate the remainder when 5 is divided by (1/w)/(3/18).
1
Suppose 4*a - 32 = -p, -16 = -3*a - 1. Suppose -3*y = -2*y - p. Calculate the remainder when 34 is divided by y.
10
Let a = 15 + 3. Suppose 5*j - 7 = 4*c - 27, -c - 2*j + a = 0. What is the remainder when 19 is divided by c?
9
Suppose -3*j + 36 = j. Let a = -23 + 49. Calculate the remainder when a is divided by j.
8
Let n(w) = 6*w**2 - 9*w + 5*w - w**3 + 0*w**3 - 3. What is the remainder when (-10)/3*60/(-8) is divided by n(4)?
12
Let d(h) = -h**3 + 9*h**2 + h - 10. Let y = 13 + -4. Let l be d(y). Let c = l + 3. What is the remainder when c is divided by 2?
0
Let o be -2*2*2/8. Let a(v) = 14*v**2 - v - 1. What is the remainder when 26 is divided by a(o)?
12
Suppose 4*u - 65 = m + 44, -u = -4*m - 46. Suppose 3*y - 47 = -2*f, 4*y - 43 - u = -3*f. What is the remainder when 57 + (-1 - (2 + -2)) is divided by f?
18
Let p(x) = -x - 3. Let i be p(-8). Suppose 3 = 3*w - 3. Calculate the remainder when 28 is divided by (w*i)/(6 + -5).
8
Suppose 0 = -5*q + 22 + 28. Suppose 5*c = 5*f + 160, -2*f - 113 = -4*c - f. Calculate the remainder when c is divided by q.
7
Let g(l) = -l + 18. What is the remainder when ((-4)/(-3))/((-2)/(-75)) is divided by g(-8)?
24
Let a be 2/1*3/(-3). Let z = -8 + a. Calculate the remainder when 10 is divided by (-2)/z - 87/(-15).
4
Suppose 4*k = 10 + 2. Let l = 1 + k. What is the remainder when 11 is divided by l?
3
Suppose -s + 70 = -39. Suppose 4*u = -3*x + 77, -3*u - s = -5*x - 0*u. What is the remainder when 45 is divided by x?
22
Suppose -3*z = 2*z - 350. Calculate the remainder when z is divided by 24.
22
Suppose 79 = 5*t - 2*k, -3*t + 3*k + 29 = -22. Calculate the remainder when 40 is divided by t.
10
Let y be 0 - (-3)/(-3)*-2. Suppose -y*v = v - 42. Suppose -22 = -4*m + v. What is the remainder when m is divided by 6?
3
Suppose -2*i - 2*i = -5*o, 0 = 3*i - o. Suppose -4*u + 3*u + 3*w + 12 = i, -2*u + w + 34 = 0. What is the remainder when 1 + 51 + (4 - 3) is divided by u?
17
Suppose t - 1 - 5 = 0. Calculate the remainder when 3 is divided by (t/(-15))/(1/(-5)).
1
What is the remainder when 21 is divided by (18/30)/(1/20)?
9
Let k = 5 + 1. Let u(o) = 6*o**2 - 4*o. What is the remainder when u(2) is divided by k?
4
Calculate the remainder when 36 is divided by (15/(-2))/((-9)/12).
6
Let l = -52 - -73. Let k = 12 + -4. Calculate the remainder when l is divided by k.
5
Let v = -217 + 316. Calculate the remainder when v is divided by 25.
24
Suppose -63 + 24 = -i. Let q(d) = -d**3 - 4*d**2 - 3*d + 2. What is the remainder when i is divided by q(-4)?
11
Let f(j) = -4*j - 10 + 0*j - 7*j**2 + j - j**3. Calculate the remainder when (-82)/(-4) - (-2)/4 is divided by f(-7).
10
Let j be (-3 - -1) + (-17 - 0). Let i(n) = n**2 + 5*n + 11. Let m be i(-8). Let k = m + j. Calculate the remainder when k is divided by 9.
7
Let p = -50 + 57. Let l = -2 + 4. Calculate the remainder when p is divided by l.
1
Let k(l) = -l + 14. Let w be k(0). Suppose -m = -p - w, -p - 24 = 2*m - 4*m. Calculate the remainder when 55/3 + 2/(-6) is divided by m.
8
Let m = 57 - 2. Calculate the remainder when m is divided by 19.
17
Suppose 3*b = 32 + 55. Suppose 2*u = -4*y + 34, 17 = -2*u + 3*u - 5*y. Suppose -l - 7 + u = 0. What is the remainder when b is divided by l?
9
Suppose 2*m + 0*h - 24 = 4*h, -4*m - 4*h - 12 = 0. Let z(y) = 8*y**3 + 2*y**2 - y. What is the remainder when 24 + 0 - m/(-1) is divided by z(1)?
8
Suppose -8 - 14 = -2*w. Calculate the remainder when 3/(-3) + (-2 - -23) is divided by w.
9
Suppose -4*l - 28 = -72. Suppose 2*v = 10, -8*a + 3*a = -4*v - 5. Let m = 1 + a. Calculate the remainder when l is divided by m.
5
Let x(k) = -k**2 + 8*k + 1. Let f(p) = -p**3 + 4*p**2 + p + 3. Let z be f(4). Let c be x(z). Let q = 13 - c. What is the remainder when 14 is divided by q?
4
Suppose 0 = u - 4*u + 21. Suppose -5*b + 0 - 13 = 4*y, 3*y - 2*b + 4 = 0. Let n = 5 + y. Calculate the remainder when u is divided by n.
1
Suppose -y - 2*o = -23, 2*y - o = 21 - 0. Let x = -3 - 0. What is the remainder when x/6 - (-77)/2 is divided by y?
12
Let r = -42 - -19. Let j = 36 + r. Calculate the remainder when 51 is divided by j.
12
Suppose 3*v + h = 15, h = 4*h. What is the remainder when v is divided by 3?
2
Let p be (-105)/(-14)*16/(-6). Let u = 36 + p. What is the remainder when 62 is divided by u?
14
Suppose -i + 12 = -0*r + r, i + 5*r - 16 = 0. Calculate the remainder when i is divided by 4.
3
Suppose 0 = -2*h + 39 - 7. Calculate the remainder when h is divided by 12.
4
Let k(w) = -3*w + 18. What is the remainder when k(-9) is divided by 10?
5
Let l(u) = -63*u - 8. Let m be l(-6). Suppose 5*o = -2*z + 356, -2*z + o + o = -m. Suppose -2*x - x = -z. What is the remainder when x is divided by 21?
19
Calculate the remainder when 102 is divided by ((-234)/(-45))/(2*(-1)/(-10)).
24
Let d(c) = -7*c**3 + c**2 + 2*c + 3. Let o(z) = 8*z**3 - z - 4. Let a(x) = -7*d(x) - 6*o(x). Calculate the remainder when 7 is divided by a(8).
1
Let x = 197 + -136. Suppose x = 4*u - 71. Calculate the remainder when u is divided by 18.
15
Let c = -2 - 0. Let o be 2*-4*(c - -1). Suppose s - o - 9 = -g, 2*g = 2*s - 38. Calculate the remainder when 35 is divided by s.
17
Let c(a) = -2*a + 6. Calculate the remainder when 52 is divided by c(-6).
16
Suppose 0 = -2*i - 5*g + 15, 4*g = -4*i - i + 29. Calculate the remainder when 7 is divided by i.
2
Let t = -13 + 11. Calculate the remainder when 6 is divided by (-3)/t*(-4)/(-2).
0
Let y(r) = 3*r - 8*r + 1 - 10*r. Let i(m) = m**3 - 12*m**2 + m - 13. Let t be i(12). What is the remainder when y(t) is divided by 9?
7
Suppose 4 = -4*o, 0 = 4*m + 4*o - 17 + 1. Let l = 9 + -7. What is the remainder when m is divided by l?
1
Let h(v) = -3*v - 1. Let f be h(-1). Let r be 15/f*4/6. Suppose 16 = 2*j + 2*j, r*b = 3*j + 258. Calculate the remainder when b is divided by 14.
12
Calculate the remainder when 17 is divided by ((-2)/4)/(6/(-72)).
5
Let u = -92 - -175. What is the remainder when u is divided by 17?
15
